= 25*z**2 - 1264 - 27*z - 1274 + z**3 + 2522. Determine a(-26).
10
Let c(v) = v**3 + 18*v**2 - 2*v - 55. Let g be c(-18). Suppose h = 2*h + 16. Let m = h - g. Let l(w) = -w**3 + 3*w**2 - 2*w - 2. Calculate l(m).
-8
Let k(o) be the second derivative of 3*o**2 - 57*o - 1/12*o**4 + 0*o**3 + 0. Calculate k(0).
6
Let y(v) = -13 - 467*v + 1053*v - 588*v. Give y(10).
-33
Let i(m) = m**2 - 2*m - 4. Suppose -5*l - 15 = -10*l, 5*s - 66 = 3*l. Let u = -5 + s. Suppose u + 6 = 4*x. Calculate i(x).
4
Let n = -5 - -10. Let c(v) = v**3 - 29*v**2 + 29*v - 12. Let s be c(28). Let l(z) = -s + 32 - 14 + z. Determine l(n).
7
Let x(k) = -k**3 + 9*k**2 + 14*k - 34. Suppose 11 = 2*v + p, 5*p + 462 - 427 = -v. What is x(v)?
6
Let d(l) = -3*l + 18. Let p be d(-6). Suppose -42*i + 42 = -p*i. Let a(x) = -2*x - 4. Determine a(i).
-18
Let d(r) = -10*r + 3. Let f(b) = -20*b + 6. Let i(j) = -9*d(j) + 4*f(j). Let s(q) = q**2 - 124*q - 1777. Let m be s(137). Give i(m).
37
Let p(i) = -6*i - 1. Suppose h = -m + 104, 3*m - 94 = -0*h - h. Let x = -110 + h. What is p(x)?
5
Let i(c) = -9 - 4*c**3 + 5*c**3 + c**2 + 4 - 6*c**2 - 2*c. Let k(b) = b**3 - 4*b**2 - b - 7. Let s(f) = 4*i(f) - 3*k(f). Give s(8).
-39
Let j(q) = -14 + 12 + q**3 - 20618*q + 3*q**2 + 20615*q. Suppose -m + 6*m = -20. Determine j(m).
-6
Let w(y) = 2*y**2 - 6*y + 12. Let u be w(8). Suppose u*q = 93*q - 28. Let d be 126/q + (-1)/2. Let n(b) = -b**3 + 2*b**2 + 2*b - 2. What is n(d)?
-26
Let t(a) = -93 - 24 - 145*a + 142*a. Give t(-29).
-30
Let b(r) = r**2 - 8*r. Let a(o) = 5*o**2 - 34*o - 7. Let l(s) = -a(s) + 3*b(s). Determine l(6).
-5
Let h(q) be the first derivative of -q**5/20 + 5*q**4/12 + q**3/6 + 2*q**2 + 150*q - 66. Let d(k) be the first derivative of h(k). What is d(5)?
9
Let i(p) = -163*p + 2 + 29 - 3 + 164*p + p**3 - p**2. Determine i(0).
28
Let a(p) = p**3 + 8*p**2 - 11. Suppose -59*f + 56*f + 18 = 0. Suppose -22 = -f*w - 70. What is a(w)?
-11
Let f(n) = n**3 - 15*n**2 + 34*n + 15*n**2 - 32*n. Let s(i) = -2*i**2 + 53*i - 26. Let j be s(26). Give f(j).
0
Suppose 3*f = -5*v, 0 = 361*f - 359*f - 0*v - v. Let m(s) = -5*s - 9. Calculate m(f).
-9
Let c(n) be the first derivative of 6*n**2 + 15*n - 434. Give c(-4).
-33
Let g(n) = 5*n - 16. Let v be 3*(-48)/9*(-120)/160. What is g(v)?
44
Let c(y) = 22*y**2 - y - 25780 + 25780. Let d(s) = 2*s - 11. Suppose -8*h + 30 = -10. Let t be d(h). Determine c(t).
23
Suppose -7*p + 12*p = 65. Suppose -p = 3*z - 2*z - 4*h, -h = 2*z - 10. Let v(o) = -2*o + o - o + z*o. What is v(2)?
2
Let f(g) = -6*g**2 - 5*g. Let l(r) = -8*r**2 - 5*r + 1. Let p(k) = 3*k**2 + 11*k - 12. Let n be p(1). Let w(c) = n*l(c) - 3*f(c). Give w(-3).
5
Suppose 0 = -6*q + 2*q - 5*o - 7, o = 5*q + 45. Let r(j) = -j**3 - 9*j**2 - 9*j - 12. What is r(q)?
-4
Let c = -4 - -67. Let m(v) = 15 - 65*v + 129*v - c*v. Give m(-10).
5
Let g(k) = 4 + 5*k - 3*k - 4*k**2 + 3*k**2 + 2*k**2. Let q(s) = s**2 + 5*s + 2. Let v be q(-5). Suppose -2*u - v*u - 12 = 0. Determine g(u).
7
Let f(n) be the second derivative of 1/20*n**5 - 1/3*n**3 - 1 - 35*n + 1/12*n**4 - 3/2*n**2. Give f(-3).
-15
Let k(q) = q**3 + 9*q**2 + 7*q + 7. Suppose 25*t + 25*t + 323 = -77. Determine k(t).
15
Let j be (-3)/(-9) + (-12)/9. Let a be j - -1 - (9 - 12). Let q(g) = -4428 - 4*g**3 + 4437 + 6*g**2 - a*g + 3*g**3. What is q(6)?
-9
Let z(s) be the second derivative of -s**5/20 + s**4/3 - s**3/6 + 14122*s. Let f = -8 - -3. Let l = 7 + f. Determine z(l).
6
Let i(h) = -4040*h + 4036*h - 33 - 46. Give i(-18).
-7
Let y(n) be the first derivative of 1/4*n**4 + 11/3*n**3 - 7*n + 120 - 1/2*n**2. Determine y(-11).
4
Let h = 10204 - 10212. Let b(g) = 15*g - 17. Determine b(h).
-137
Let c(r) = 2*r**3 - r**3 + 370021*r - 16 - 370046*r. What is c(-5)?
-16
Let j(g) be the first derivative of -g**4/4 + 16*g**3/3 + 35*g**2/2 + 7*g - 1237. Give j(18).
-11
Let c(q) = -q**2 - 7*q - 24. Suppose -111*d - 4107 = -3663. What is c(d)?
-12
Let w(o) = -4*o + 7. Suppose 3*c - 29 = -5*i, 27 = 5*c + 4*i - 4. Let n(j) = -5*j + 7. Let m(t) = c*w(t) - 2*n(t). Calculate m(5).
-3
Let q(c) = 11*c - 24. Let l = -3433 + 3437. Determine q(l).
20
Let n(x) be the third derivative of x**6/120 - x**5/6 + 5*x**4/12 + 2*x**3 + x**2 - 2266. Calculate n(9).
21
Let y(w) = 7*w + 1. Let t(m) = 15*m + 2. Let j(u) = -6*t(u) + 13*y(u). Let f be j(5). Let a(n) = -n**2 + 6*n + 7. Determine a(f).
7
Let q(j) = -j**3 + 8*j**2 - 3*j + 3. Let z(v) be the first derivative of -v**4/4 - v**3/3 - v**2/2 - 3*v + 117. Let o(x) = -q(x) + 2*z(x). What is o(-10)?
-19
Let i(w) = 3*w**2 + 14*w - 146. Let u be i(-10). Let f(z) = z**3 - 13*z**2 - 16*z + 15. Determine f(u).
-13
Let f(s) = -5*s - 5*s + 6 + s**2 - 5. Let b(a) = -a**2 + 6*a + 1. Let n be b(4). Let y(l) = l**3 - 7*l**2 - 14*l - 27. Let w be y(n). Determine f(w).
-8
Let v(m) = 2*m + 15. Let j(u) = 32 - 3*u + 21 - 102 + 26. Let o(g) = -g**3 - 7*g**2 + 8*g - 8. Let d be o(-8). Let p(c) = d*v(c) - 5*j(c). Determine p(-4).
-1
Let a(t) be the first derivative of -t**4/4 + t**3/3 + 23*t**2/2 + 6*t - 4749. Determine a(-4).
-6
Let i(z) = 208*z**2 - 8*z + 5. Let s be i(1). Let t = s + -207. Let g(v) = -2*v - 1. Determine g(t).
3
Suppose 0 = 2*m - v - 352, -5*m - 38*v + 880 = -43*v. Let l(z) = -84*z + m*z - 91*z + 2 + z**2. Give l(3).
14
Let r(i) = 11*i**2 + 4*i - 22*i**2 + 11*i + 4*i**2 - 4. Let u(a) = 3*a**2 - 6*a + 3. Let g(j) = 2*r(j) + 5*u(j). Suppose 0 = -4*w - 0*w. Give g(w).
7
Let t be (-45)/(-36) - 1 - 1/4. Let i be (-255)/(-45) + t + (-1)/(-3). Let c(j) = -j**2 + 5*j - 7. What is c(i)?
-13
Let s be ((-145)/87)/(-5 - 230/(-45)). Let p(z) = -2*z**2 - 35*z + 16. What is p(s)?
91
Let y(t) = -38*t + 14*t + 18*t + 1 + 0*t + 0. Suppose -2*s = -5*l + 8, -5*s + 15 = -0*s + 5*l. Give y(s).
-5
Suppose -12 = 2*w - 18. Let l be w + (-294)/(-9) + (-4)/(-12). Let b = 41 - l. Let r(j) = j**2 - 6*j - 1. Give r(b).
-6
Let b(d) = d**2 - 7*d - 5. Let q be 206/(-4) - (-18)/12. Suppose 558 + 183 = 13*w. Let p = w + q. What is b(p)?
-5
Let l(x) = 4*x**2 + 3*x - 4. Let y(g) be the second derivative of -g**5/20 - g**3/6 + g**2/2 - 2*g - 142. Let i(h) = -l(h) - 2*y(h). Give i(3).
17
Let c(u) = -u**3 - 7*u**2 + 14*u + 6. Let d be c(-9). Let r = -28 + d. Suppose -5*i - 59 = -r. Let w(l) = l**3 + 8*l**2 - 9*l - 3. What is w(i)?
-3
Let a(k) = k**2 - 3*k + 8. Suppose 0 = -77*g + 76*g + 2*w + 3, -w - 6 = -g. Suppose 12 = 4*n + 4*r, 8*n - g*n = 4*r + 6. Calculate a(n).
26
Let g(j) = 3*j + 1. Let w(c) = -5*c - 173. Let q be (-42 + 93)*(-4)/6. Let a be w(q). Determine g(a).
-8
Let l(i) = -2*i**3 + 10*i**2 + 6*i + 5. Let d be (10 + (-21)/((-756)/(-480)))*6/(-4). Determine l(d).
35
Let v be ((-8)/(-5))/(1/5)*(2357 + -2355). Let i(o) = o**2 - 16*o + 25. Calculate i(v).
25
Suppose 1129 = 19*l - 8200. Let r = 491 - l. Let u(h) be the first derivative of h**2/2 - 5*h + 1. Determine u(r).
-5
Let w(h) = 12*h**2 - 13*h**2 + 8 - 5*h**3 - 2 - 5. Suppose -6 = -g - 2*g. Suppose -5 = g*q + 3*q. Give w(q).
5
Suppose -4*w = -w - 6. Let q(h) = -1584*h**2 + 2 + 3*h - 1090*h**2 + 2673*h**2. What is q(w)?
4
Let o(y) = y**3 - 18*y**2 - 57*y + 48. Let i be o(22). Let t = i + -730. Let b(x) = -4*x**2 + 3*x**2 + 0*x**2 + 2*x**2. Determine b(t).
0
Let j(y) be the third derivative of y**4/8 - y**3/6 + y**2 + 39. Suppose 28*v - 32*v = 4. Give j(v).
-4
Let f(o) = o**3 + 18*o**2 + 17*o + 4. Let i be f(-17). Let q(c) = 5*c + 4 + 4 - i*c - 2. Let w(z) = z**3 - 6*z**2 + 4*z - 4. Let v be w(5). Determine q(v).
-3
Let a(j) = 2*j**3 + 51 - 13*j - 17 - j**3 - 22 - 7*j**2 - 7*j. Give a(9).
-6
Suppose 0*d - 25 = -5*d. Suppose -3*h + d*h + l = -1, 0 = 5*l - 25. Let b(g) = 2*g + 1. Let k(v) = v + 2. Let m(w) = h*k(w) + 2*b(w). Give m(-5).
-9
Let v be 3/6*(-7 - -27). Suppose 46*j - v = 41*j. Let g(u) = 8*u**2 - u**3 + 18*u**j - u - 4 - 21*u**2. What is g(4)?
8
Let t(x) be the first derivative of -2*x**2 - 4*x - 2. Let l be t(-2). Let i(o) = 14*o**3 + 3 + 4*o**3 + 2*o**3 - 15*o**3 - 3*o**2 - 4*o**3 - o. Calculate i(l).
15
Let t(w) = -2*w**2 + 11*w + 57. Suppose -7*u = 3*z - 8*z + 59, 5*z - 2*u = 49. Give t(z).
-6
Let q(d) be the third derivative of d**6/360 + d**5/30 + d**4/8 + 113*d**3/3 - 98*d**2 - 1. Let v(f) be the first derivative of q(f). Determine v(-4).
3
Suppose 3*r = -3*p - 20 + 2, 0 = 5*p - 5*r. Let f be (-9)/(-6)*4/p. 